7)*-6)/((-8)/18). Suppose 4*a = -w*a - 1617. Let j = -150 - a. What is the units digit of j?
1
Suppose -2*r = -10*r + 16. Suppose r*x - 427 = -5*l, -3*l = 2*x - 110 - 327. Suppose 3*k - 33 - x = -2*b, -2*k = 2. What is the hundreds digit of b?
1
Let n be -3 - (2286/(-63) - (-4)/14). Let d(r) = -r**2 + 56*r + 61. What is the tens digit of d(n)?
2
Suppose 719 + 1913 = 2*p. Suppose -4*w + p = 172. What is the tens digit of w?
8
Suppose 0 = -70*b + 153*b + 152*b - 12363585. What is the hundreds digit of b?
6
Suppose -21 = -15*b + 9. Suppose -b*n = -0*n - 2. What is the units digit of n?
1
Let i(b) = -8*b + 10. Let j be i(6). Let w = -37 - j. What is the units digit of (-2420)/(-36) - (-2)/(-9)*w?
7
What is the thousands digit of (35/(-10))/((-2)/(0 + 4196))?
7
Suppose 0 = -30*w + 26*w + 8. Suppose 2*y - 6 = 2*j - 2, -y = 4*j - w. Suppose -y*g - 69 = -251. What is the tens digit of g?
9
Suppose -102 = 2*k - 882. Let l be (-6)/(-48) + 25977/56. Suppose k = 7*q - l. What is the units digit of q?
2
Suppose -5*k + 2*r + 52065 = 0, 41665 = 4*k - 36*r + 37*r. What is the thousands digit of k?
0
Let h = -2152 + 6094. Suppose 26*z = 17*z + h. Suppose 0 = 3*g + 3*g - z. What is the units digit of g?
3
Suppose 0 = 3*k - 5*m + 7, -m + 4*m - 10 = -4*k. Let f(o) = 200*o + 11. What is the units digit of f(k)?
1
Let k = 11 + -14. Let u be ((-20)/8)/(1/22) - k. Let i = 22 - u. What is the tens digit of i?
7
Let r = 1294 + -731. Suppose 3*o + 1784 = 4*f, 2*o + 327 + r = 2*f. What is the units digit of f?
9
Let l(j) be the third derivative of -19*j**4/6 - 2*j**3/3 + 13*j**2. Suppose 2 = -5*w - 0*w - t, 0 = -w + 2*t - 7. What is the tens digit of l(w)?
7
Suppose -127023 - 1257379 = -84*h + 436046. What is the thousands digit of h?
1
Let j(p) be the second derivative of p**4/12 - p**3/2 - 13*p**2 + 2*p. Let u = -763 + 771. What is the units digit of j(u)?
4
Let j(g) = 23*g**2 + 240*g - 20. Let s be j(-14). Suppose 0 = s*d - 1126*d - 972. What is the tens digit of d?
8
Let j(r) = -r**3 - 31*r**2 - 30*r + 41. Let c be j(-30). Suppose 0 = c*p - 42*p + 685. What is the units digit of p?
5
What is the units digit of -238*(26 - 12 - 25)?
8
Suppose -609*l = -610*l - 15. Suppose 5*n + i = -15 + 143, -3*n = 3*i - 72. Let t = n + l. What is the tens digit of t?
1
Suppose -6*l + 1 = -131. Suppose 120 = l*v - 16*v. Suppose s - v - 25 = 0. What is the units digit of s?
5
Suppose -133 + 408 = 5*q. Suppose 15*t - i + q = 16*t, -2*t + 89 = -5*i. What is the tens digit of t?
5
Let a(s) be the first derivative of 8*s**3 - 11*s**2/2 - 22*s + 75. What is the hundreds digit of a(5)?
5
Suppose -516638 = -168*s + 7467437 + 6124061. What is the ten thousands digit of s?
8
Let o = -11 - -47. What is the units digit of (0 - 73/(-2)) + (-18)/o?
6
Suppose -t - j = -62, 3*t - 27 = j + 179. Suppose -387 + t = -5*b. Suppose -3*s - 3*r + b = r, -r + 135 = 5*s. What is the tens digit of s?
2
Let p be ((-6540)/(-18))/(1/3). Suppose -n - 1 = 4, m = n + p. Suppose 6*v - m = -v. What is the hundreds digit of v?
1
What is the thousands digit of (-1)/((11 + -5)/(-8214))?
1
Let o = 18022 - -39809. What is the units digit of o?
1
Let r be (3 - (-132)/16)/((-1)/(-8)). Let h be (5/10)/((-1)/24). Let x = r - h. What is the tens digit of x?
0
Let t(o) = -2*o**3 - 3*o + 5. Let a be 2/(-13) + 2772/(-572). What is the hundreds digit of t(a)?
2
Let i be (-424)/530 - (-21)/(-5). Suppose -1 + 3 = 2*w. What is the tens digit of (-3)/(w*i/115)?
6
What is the hundreds digit of (5*53252/20)/(3 + -2)?
3
Let m(h) = 15*h**2 + 24*h - 125. Let x(s) = -30*s**2 - 51*s + 252. Let p(o) = 5*m(o) + 2*x(o). What is the tens digit of p(6)?
2
Let s(i) = 95*i**2 - 19*i - 57. Let d be s(-4). Suppose -d = -4*p + 177. What is the units digit of p?
9
Let p(y) = -778*y - 3266. What is the hundreds digit of p(-18)?
7
Let h(f) = 30*f**2 + 163*f - 3403. What is the tens digit of h(24)?
8
Let t = 19 + -7. Suppose 105 = -24*b + 29*b. What is the units digit of 2*(658/t - (-14)/b)?
1
Suppose 13*p = -13*p + 135096. What is the tens digit of p?
9
Let r = -655 + 663. Suppose -5720 = r*k - 20240. What is the units digit of k?
5
Let g be (-859043)/(-7) + 54/(-126). Let k = 85240 - g. What is the tens digit of (-4)/26 - k/260?
4
Suppose 495483 - 51955 = 42*k - 114358. What is the hundreds digit of k?
2
Suppose -28 + 900 = 4*g. Suppose 0 = -4*q + 12, 2*q - 22 - 120 = 2*k. Let z = g + k. What is the tens digit of z?
5
Let j(i) = i**2 - 14*i + 11. Let g be j(13). Let p(r) = 15*r**3 + 2*r**2 + r + 3. Let b(k) = -k - 1. Let d(a) = -b(a) - p(a). What is the tens digit of d(g)?
1
Suppose -31*s = 17*s - 4603 - 543701. What is the hundreds digit of s?
4
Let f(z) = 2*z + 99. Let j be f(-47). Suppose -j*d + 5*s + 2115 = 0, 12*d - 8*d - 1687 = 3*s. What is the units digit of d?
8
Let s be ((-108)/135)/((-1184)/590 + 2). Suppose 119*y - 118*y - s = 0. What is the hundreds digit of y?
1
Let o = 20224 - 13778. What is the hundreds digit of o?
4
Let b(n) = n**3 + 9*n**2 - 9*n + 10. Let w = 30 - 40. Let x be b(w). Suppose 4*j = -5*o + 3*o + 308, x = 2*j - 5*o - 154. What is the units digit of j?
7
Let i(o) = 18*o**2 + 8*o + 135. What is the thousands digit of i(25)?
1
Suppose -4*c = c + 5, 0 = -2*j + 3*c + 3073. What is the tens digit of (j - -1)/(11/(198/27))?
2
Let h(v) = 121*v - 1387. What is the hundreds digit of h(24)?
5
Suppose 0 = 707*x - 612*x - 2509520. What is the hundreds digit of x?
4
What is the units digit of (10/3)/((-8)/(-1920))?
0
Suppose -5*l + 0 + 5 = 0. Let b be (-210)/(-66) + l/((-11)/2). Suppose b*g = 7*g - 416. What is the units digit of g?
4
Suppose -v + 3030 = -16*v. Let z = v - -368. What is the units digit of z?
6
Let h = -2549 + 3649. What is the thousands digit of h?
1
Suppose -40 + 32 = -s, -4*t - 2*s + 18452 = 0. What is the thousands digit of t?
4
Suppose 4*l - 9188 = 14311 + 1821. What is the tens digit of l?
3
Let w(t) = -5*t**2 - 33*t - 23. Let h(q) = 11*q**2 + 67*q + 48. Let y(s) = -4*h(s) - 9*w(s). What is the tens digit of y(10)?
0
Suppose -40*g = -36*g - 12. Suppose 3*v - 1701 = -3*x, v - 1335 = -g*x + 376. What is the units digit of x?
2
Suppose 40 = 6*b + 2*b. Suppose -3*z + b*z - 386 = 0. Let h = z + -123. What is the tens digit of h?
7
Let z be 16/(-10) - 20/50. Let r be (125 - -1)/((-3)/z). Suppose r + 11 = h. What is the tens digit of h?
9
Suppose y + 3 - 7 = -4*r, 2*r = 4. What is the tens digit of (-2)/y + (-35770)/(-20) - -3?
9
Let z(u) = 8*u**3 + u**2 - 5*u + 8. Let t be z(5). Suppose 4*q - 4*a - t = 0, 0 = -25*q + 21*q + 2*a + 1008. What is the hundreds digit of q?
2
Let f(m) = -m - 2. Let z be f(-4). Suppose -4*h + 6*h + 2 = 0, 4*h = -b - 2. Suppose -z*q = -q, -b*q - 3 = -t. What is the units digit of t?
3
Let o = 11787 - 3813. What is the units digit of o?
4
Let z(p) = -p**2 + p + 9. Let o be z(3). Suppose w + w + 2*n + 90 = 0, -n + 151 = -o*w. Let c = 118 + w. What is the units digit of c?
9
Suppose 1850180 + 5826760 = 19*h + 257*h. What is the thousands digit of h?
7
Suppose -11 = -3*r + 4, -26 = 2*f - 4*r. Let i be f + 15/25*5. Suppose -4*x = 3*t - 111, 4*x + i*x + t = 101. What is the units digit of x?
4
Let y(r) = -21071*r - 585. What is the ten thousands digit of y(-1)?
2
Suppose -q - 3*l + 685 = 0, 3*q - 518 - 1548 = 2*l. What is the tens digit of q?
8
Suppose 4*q - 3*u = 3, -3*q - 5*u + 3 = -8*u. Suppose 50*v = 2*t + 51*v - 826, -3*t + 3*v + 1239 = q. What is the hundreds digit of t?
4
Let s be -2 + 3 - (-3 + 6)/(-1). Suppose 2*q - s + 4 = 0. Suppose 3*n - 147 - 36 = q. What is the units digit of n?
1
Let p be (-8 - -27) + (-8)/(-2). Let d = p + -9. Suppose 219 = d*m - 11*m. What is the units digit of m?
3
Suppose 7849 = -h - 5*a + 25194, 3*h + a - 52077 = 0. What is the hundreds digit of h?
3
What is the hundreds digit of 20/6*(-13 + 31675/10)?
5
Let b(f) be the third derivative of -f**4/8 + f**3/3 + 12*f**2. Let g be b(2). What is the tens digit of g/(-4)*29 - 3?
2
Suppose 77023 = -25*d + 240173. What is the thousands digit of d?
6
Let j = 6060 - -8471. What is the units digit of j?
1
Suppose -r + 2013 = 10*r. What is the units digit of (11 - r)*(0 + 2/(-4))?
6
Let s = -21822 + 31365. What is the units digit of s?
3
Let t be (-1)/((-10)/(-15))*68/(-3). Suppose 3*j = 86 + t. What is the units digit of j +